{"id":190,"date":"2022-12-17T23:19:10","date_gmt":"2022-12-18T05:19:10","guid":{"rendered":"https:\/\/www.renewable.c-escoto.com\/wp\/?page_id=190"},"modified":"2023-01-20T13:37:18","modified_gmt":"2023-01-20T19:37:18","slug":"ups-modular-380v-400v-420v","status":"publish","type":"page","link":"https:\/\/ups.cescoto.com\/index.php\/ups-modular-380v-400v-420v\/","title":{"rendered":"UPS Modular 380V\/400V\/420V\/480V"},"content":{"rendered":"\n<h1 class=\"wp-block-heading\">UPS modular<\/h1>\n\n\n\n<p>UPS modular trif\u00e1sico en l\u00ednea 3: 3, rango de capacidad 10-1500kVA. Opciones de m\u00f3dulo: 10KVA, 15KVA, 20KVA, 25KVA, 30KVA, 40KVA, 50KVA. Los m\u00f3dulos de 30PCS se pueden conectar en paralelo, hasta la frecuencia m\u00e1xima es de 1.5MW. Gabinete del sistema: 600KVA es la Max, Bypass centralizado, flujo de aire aislado, recubrimiento conforme, HMI amigable y gesti\u00f3n de monitoreo inteligente. Caracter\u00edstica: primer tecnolog\u00eda modular, doble conversi\u00f3n en l\u00ednea, redundante N + X, intercambiable en caliente, contando con la \u00faltima tecnolog\u00eda IGBT de tres niveles y DSP de control completo.<\/p>\n\n\n\n<figure class=\"wp-block-gallery has-nested-images columns-default is-cropped wp-block-gallery-1 is-layout-flex wp-block-gallery-is-layout-flex\">\n<figure class=\"wp-block-image size-large\"><img decoding=\"async\" src=\"https:\/\/www.invt.com\/uploads\/img1\/20200408\/5e8d8348c2b2c.png\" alt=\"\"\/><figcaption class=\"wp-element-caption\">HM Series Modular Online UPS 40-400kVA (480V)<\/figcaption><\/figure>\n\n\n\n<figure class=\"wp-block-image size-large\"><img decoding=\"async\" src=\"https:\/\/www.invt.com\/uploads\/img1\/20200408\/5e8dde19358f7.jpg\" alt=\"\"\/><figcaption class=\"wp-element-caption\">RM Series Modular Online UPS 20-200kVA (380V\/400V\/415V)<\/figcaption><\/figure>\n\n\n\n<figure class=\"wp-block-image size-large\"><img decoding=\"async\" src=\"https:\/\/www.invt.com\/uploads\/img1\/20200408\/5e8dddedc9f47.jpg\" alt=\"\"\/><figcaption class=\"wp-element-caption\">RM Series Modular Online UPS 10-90kVA (380V\/400V\/415V)<\/figcaption><\/figure>\n\n\n\n<figure class=\"wp-block-image size-large\"><img decoding=\"async\" src=\"https:\/\/www.invt.com\/uploads\/img1\/20200408\/5e8dddc52e4f9.jpg\" alt=\"\"\/><figcaption class=\"wp-element-caption\">RM Series In-built Battery Modular Online UPS 20-60kVA (380V\/400V\/415V)<\/figcaption><\/figure>\n\n\n\n<figure class=\"wp-block-image size-large\"><img decoding=\"async\" src=\"https:\/\/www.invt.com\/uploads\/img1\/20200408\/5e8dddaeac9c2.jpg\" alt=\"\"\/><figcaption class=\"wp-element-caption\">RM Series Modular Online UPS 25-600kVA (380V\/400V\/415V)<\/figcaption><\/figure>\n\n\n\n<figure class=\"wp-block-image size-large\"><img decoding=\"async\" src=\"https:\/\/www.invt.com\/uploads\/img1\/20200408\/5e8ddd807b2ac.jpg\" alt=\"\"\/><figcaption class=\"wp-element-caption\">RM Series Modular Online UPS 40-500kVA (380V\/400V\/415V)<\/figcaption><\/figure>\n\n\n\n<figure class=\"wp-block-image size-large\"><img decoding=\"async\" src=\"https:\/\/www.invt.com\/uploads\/img1\/20200408\/5e8ddd5b14eb8.jpg\" alt=\"Modular 380V\/400V\/420V\/480V\"\/><figcaption class=\"wp-element-caption\">RM Series Rack-Mounted Modular Online UPS 25-200kVA ( 380V\/400V\/415V )<\/figcaption><\/figure>\n<\/figure>\n","protected":false},"excerpt":{"rendered":"<p>UPS modular UPS modular trif\u00e1sico en l\u00ednea 3: 3, rango de capacidad 10-1500kVA. Opciones de m\u00f3dulo: 10KVA, 15KVA, 20KVA, 25KVA, 30KVA, 40KVA, 50KVA. Los m\u00f3dulos de 30PCS se pueden conectar en paralelo, hasta la frecuencia m\u00e1xima es de 1.5MW. Gabinete del sistema: 600KVA es la Max, Bypass centralizado, flujo de aire aislado, recubrimiento conforme, HMI [&hellip;]<\/p>\n","protected":false},"author":1,"featured_media":0,"parent":0,"menu_order":0,"comment_status":"closed","ping_status":"closed","template":"","meta":{"pagelayer_contact_templates":[],"_pagelayer_content":"","footnotes":""},"class_list":["post-190","page","type-page","status-publish","hentry"],"_links":{"self":[{"href":"https:\/\/ups.cescoto.com\/index.php\/wp-json\/wp\/v2\/pages\/190","targetHints":{"allow":["GET"]}}],"collection":[{"href":"https:\/\/ups.cescoto.com\/index.php\/wp-json\/wp\/v2\/pages"}],"about":[{"href":"https:\/\/ups.cescoto.com\/index.php\/wp-json\/wp\/v2\/types\/page"}],"author":[{"embeddable":true,"href":"https:\/\/ups.cescoto.com\/index.php\/wp-json\/wp\/v2\/users\/1"}],"replies":[{"embeddable":true,"href":"https:\/\/ups.cescoto.com\/index.php\/wp-json\/wp\/v2\/comments?post=190"}],"version-history":[{"count":4,"href":"https:\/\/ups.cescoto.com\/index.php\/wp-json\/wp\/v2\/pages\/190\/revisions"}],"predecessor-version":[{"id":1199,"href":"https:\/\/ups.cescoto.com\/index.php\/wp-json\/wp\/v2\/pages\/190\/revisions\/1199"}],"wp:attachment":[{"href":"https:\/\/ups.cescoto.com\/index.php\/wp-json\/wp\/v2\/media?parent=190"}],"curies":[{"name":"wp","href":"https:\/\/api.w.org\/{rel}","templated":true}]}}